 to base 11.
547
Convert 21354 (base 6) to base 4.
232012
213111 (base 4) to base 6
15353
111100010000001 (base 2) to base 4
13202001
-10841 (base 10) to base 7
-43415
What is -5181 (base 13) in base 5?
-330014
Convert 95d (base 15) to base 13.
c67
Convert -1120010 (base 3) to base 16.
-471
-145 (base 15) to base 3
-101202
-1810 (base 11) to base 8
-4406
-12032 (base 5) to base 3
-1020001
Convert 33772 (base 9) to base 2.
101011111100110
-1012011 (base 3) to base 9
-1164
-11232 (base 6) to base 10
-1604
Convert 111111101 (base 2) to base 5.
4014
d8 (base 16) to base 5
1331
-4b (base 13) to base 16
-3f
What is -10000001001 (base 2) in base 3?
-1102021
1900 (base 15) to base 12
3160
Convert -1001003 (base 4) to base 15.
-1378
-264 (base 8) to base 7
-345
Convert 130131 (base 4) to base 14.
941
Convert 1136 (base 11) to base 4.
113103
What is -36627 (base 10) in base 9?
-55216
What is 6f31 (base 16) in base 3?
1110001021
What is -1846 (base 10) in base 6?
-12314
203454 (base 7) to base 9
52753
What is -102 (base 8) in base 7?
-123
-125 (base 7) to base 5
-233
33b (base 16) to base 4
30323
-242 (base 13) to base 8
-610
Convert -244132 (base 5) to base 10.
-9292
Convert 18c6 (base 15) to base 5.
132421
-c10b (base 14) to base 10
-33135
What is 303221 (base 4) in base 7?
12431
-10012 (base 5) to base 14
-332
What is -126175 (base 9) in base 16?
-12b96
Convert 21c (base 14) to base 13.
262
Convert -10305 (base 9) to base 12.
-3b35
Convert 39b (base 14) to base 5.
10400
-150243 (base 8) to base 3
-2201021012
-10796 (base 12) to base 14
-7d74
-10402 (base 5) to base 9
-887
Convert 11101031 (base 4) to base 9.
32538
Convert -12a0 (base 14) to base 13.
-1650
Convert -1111442 (base 6) to base 15.
-1195e
519 (base 12) to base 10
741
-2db (base 14) to base 11
-492
Convert 95b1 (base 15) to base 14.
b77c
2200012121 (base 3) to base 6
1043411
Convert -22121 (base 3) to base 16.
-e8
762 (base 9) to base 16
26f
-11ccc (base 13) to base 2
-1000000010111010
Convert 116 (base 12) to base 5.
1122
-31 (base 14) to base 8
-53
What is -163b (base 15) in base 8?
-11255
2524 (base 7) to base 14
4bb
What is -4234 (base 9) in base 4?
-300211
What is -10100110111100 (base 2) in base 11?
-8033
What is 2033 (base 5) in base 14?
152
Convert -4817 (base 12) to base 10.
-8083
Convert -1514 (base 8) to base 16.
-34c
What is -513440 (base 6) in base 12?
-1b880
-110411 (base 6) to base 7
-35614
Convert 1202 (base 8) to base 11.
534
-76450 (base 8) to base 11
-22088
Convert 456 (base 8) to base 10.
302
378 (base 9) to base 16
13a
Convert 130052 (base 6) to base 2.
10110110110000
What is 1a31 (base 12) in base 7?
12226
-8026 (base 12) to base 13
-63c9
What is -a5a (base 11) in base 13?
-771
2456 (base 11) to base 6
22503
-26757 (base 10) to base 9
-40630
Convert 51117 (base 9) to base 12.
17567
What is -1232342 (base 5) in base 8?
-57041
Convert 6609 (base 14) to base 10.
17649
What is 4d5 (base 14) in base 11?
803
What is 317 (base 8) in base 2?
11001111
Convert -2363 (base 10) to base 3.
-10020112
Convert 383 (base 15) to base 6.
3410
-63 (base 7) to base 12
-39
What is -1206 (base 7) in base 2?
-110111111
Convert 11a4 (base 13) to base 15.
b1a
What is 9ec1 (base 16) in base 11?
28597
What is -3592 (base 14) in base 2?
-10010001111100
What is 718a (base 11) in base 10?
9536
1309 (base 10) to base 6
10021
What is 1060 (base 11) in base 13?
836
112120 (base 4) to base 15
657
Convert 11000110101 (base 2) to base 11.
1215
What is 27560 (base 8) in base 12?
7040
Convert 3654 (base 16) to base 14.
50d6
What is 72 (base 9) in base 16?
41
1895 (base 10) to base 4
131213
-30a6 (base 16) to base 2
-11000010100110
Convert 101011000100 (base 2) to base 9.
3702
What is -101000110111 (base 2) in base 5?
-40430
What is 33021 (base 8) in base 16?
3611
What is 32 (base 15) in base 16?
2f
What is 2231110 (base 4) in base 6?
123204
4122 (base 9) to base 4
233021
3066 (base 9) to base 5
32442
-1ed8 (base 16) to base 15
-2516
Convert -22037 (base 8) to base 11.
-6a47
What is -11310002 (base 4) in base 8?
-56402
What is 0 (base 10) in base 7?
0
-3744 (base 10) to base 13
-1920
-3586 (base 11) to base 7
-16452
What is -2111 (base 3) in base 16?
-43
Convert 464 (base 7) to base 16.
f2
-aa20 (base 14) to base 15
-8abd
Convert 336 (base 10) to base 8.
520
Convert 1a15c (base 13) to base 6.
1031025
What is -420 (base 11) in base 8?
-772
What is 1011010100 (base 2) in base 13?
439
Convert 8181 (base 11) to base 15.
333d
What is 2033 (base 7) in base 12?
4b2
Convert 1426 (base 7) to base 11.
469
4dc (base 14) to base 15
453
-4977 (base 13) to base 2
-10100010100111
Convert -15b (base 13) to base 5.
-1440
What is -1b9e (base 15) in base 7?
-23330
-331b (base 15) to base 5
-321301
-1000220 (base 3) to base 10
-753
-15219 (base 11) to base 4
-11100312
What is -100110 (base 2) in base 9?
-42
-14457 (base 9) to base 3
-111111221
Convert 4475 (base 8) to base 14.
c0d
What is -30c (base 13) in base 5?
-4034
Convert -27067 (base 10) to base 16.
-69bb
Convert 144 (base 13) to base 7.
441
What is 68562 (base 9) in base 5?
2430114
Convert -ca2 (base 13) to base 8.
-4160
What is -1620 (base 8) in base 14?
-492
What is 1b64 (base 13) in base 15?
135d
Convert -211020201 (base 3) to base 12.
-9477
What is -324a (base 14) in base 3?
-102220212
Convert -13a5d (base 14) to base 16.
-be33
-1011110001 (base 2) to base 16
-2f1
What is 29b (base 12) in base 16?
197
41c (base 14) to base 16
32a
-38 (base 12) to base 9
-48
What is -22461 (base 10) in base 9?
-33726
Convert -234232 (base 5) to base 13.
-3c58
What is -220202 (base 3) in base 14?
-35a
Convert 356 (base 9) to base 15.
149
Convert 135 (base 14) to base 11.
201
-33052 (base 6) to base 5
-121233
What is 5d1 (base 14) in base 12?
80b
What is 3014 (base 9) in base 3?
10000111
What is -51b6 (base 12) in base 11?
-6781
8a6 (base 14) to base 3
2100111
Convert 1213101 (base 4) to base 13.
3015
Convert -1232112 (base 4) to base 2.
-1101110010110
-116cf (base 16) to base 4
-101123033
Convert -48820 (base 9) to base 13.
-11b98
-1202212 (base 3) to base 5
-20132
What is -22111100 (base 3) in base 10?
-6192
What is 195 (base 13) in base 5?
2131
What is -12466 (base 9) in base 13?
-3a95
Convert 3044121 (base 5) to base 14.
14291
What is 701 (base 11) in base 16?
350
Convert -2164 (base 13) to base 14.
-199b
Convert -2492 (base 10) to base 15.
-b12
-15744 (base 8) to base 11
-5401
1227 (base 15) to base 4
330112
-10100010111 (base 2) to base 16
-517
What is -23744 (base 10) in base 5?
-1224434
Convert 2042 (base 5) to base 9.
332
Convert 10300 (base 7) to base 8.
4764
What is -1121221 (base 5) in base 13?
-925a
Convert 440 (base 12) to base 6.
2520
Convert -421335 (base 6) to base 2.
-1000010011111011
What is 69a2 (base 13) in base 12?
8703
What is -41204 (base 6) in base 7?
-21652
What is -369 (base 14) in base 6?
-3053
-653 (base 14) to base 7
-3433
Convert 13356 (base 7) to base 13.
1854
What is -da9 (base 16) in base 8?
-6651
Convert 7471 (base 9) to base 13.
2665
-11200220 (base 3) to base 12
-1b96
What is 340 (base 13) in base 5?
4214
What is -38 (base 13) in base 11?
-43
What is -2100003 (base 4) in base 5?
-243334
10264 (base 7) to base 13
120a
What is -11078 (base 13) in base 3?
-1120022212
-2203 (base 12) to base 14
-1519
-407 (base 13) to base 4
-22223
What is 101101100001 (base 2) in base 5?
43123
Convert 10143 (base 10) to base 2.
10011110011111
What is -d63 (base 14) in base 5?
-41020
What is -12 (base 14) in base 15?
-11
558 (base 11) to base 16
29c
What is 1112220022 (base 3) in base 14?
b1bb
-1121 (base 5) to base 16
-a1
Convert 1e (base 15) to base 16.
1d
Convert -14300 (base 5) to base 6.
-5320
12400 (base 6) to base 16
750
2400143 (base 5) to base 13
16c21
-1000111011011 (base 2) to base 7
-16220
Convert -13db (base 15) to base 7.
-15260
Convert 376 (base 11) to base 4.
12332
Convert 1339 (base 14) to base 2.
110100110111
What is 1cd9 (base 15) in base 3?
22121120
38b5 (base 14) to base 16
26e7
Convert -1132112 (base 4) to base 14.
-22b4
What is -184 (base 14) in base 16?
-138
What is -104401 (base 5) in base 10?
-3726
Convert -7711 (base 8) to base 16.
-fc9
Convert -220120 (base 5) to base 6.
-54515
What is 200 (base 16) in base 7?
1331
What is -4442 (base 5) 